79 and 13.
13
What is the greatest common factor of 84 and 204?
12
Calculate the greatest common factor of 33 and 33297.
33
What is the greatest common divisor of 78 and 12714?
78
What is the greatest common divisor of 1921 and 113?
113
What is the highest common divisor of 1971 and 27?
27
Calculate the greatest common divisor of 512 and 8.
8
Calculate the greatest common divisor of 1386 and 714.
42
What is the highest common divisor of 975 and 100?
25
Calculate the highest common divisor of 559 and 156.
13
What is the greatest common factor of 168 and 2037?
21
Calculate the greatest common divisor of 36 and 414.
18
Calculate the highest common divisor of 215 and 86.
43
What is the greatest common factor of 276 and 36?
12
Calculate the highest common factor of 54 and 108.
54
What is the highest common factor of 574 and 140?
14
Calculate the greatest common divisor of 1743 and 399.
21
Calculate the highest common divisor of 15 and 15.
15
Calculate the greatest common factor of 98 and 217.
7
What is the highest common divisor of 1158 and 6?
6
What is the greatest common factor of 265 and 1007?
53
What is the greatest common factor of 285 and 15?
15
What is the highest common divisor of 414 and 33810?
138
Calculate the highest common factor of 2799 and 117.
9
What is the greatest common factor of 2232 and 180?
36
Calculate the highest common divisor of 22 and 55.
11
What is the highest common factor of 444 and 4?
4
Calculate the highest common factor of 441 and 630.
63
What is the greatest common factor of 5551 and 183?
61
Calculate the highest common factor of 2431 and 884.
221
What is the greatest common divisor of 3835 and 118?
59
Calculate the greatest common factor of 1192 and 72.
8
What is the greatest common factor of 68 and 17?
17
Calculate the greatest common factor of 3479 and 142.
71
Calculate the highest common divisor of 2236 and 416.
52
Calculate the greatest common factor of 11 and 671.
11
What is the highest common factor of 2 and 9358?
2
Calculate the highest common factor of 3772 and 184.
92
What is the greatest common divisor of 8 and 110?
2
What is the highest common factor of 238 and 14?
14
Calculate the greatest common factor of 58 and 783.
29
What is the greatest common factor of 2192 and 24?
8
What is the highest common divisor of 240 and 1785?
15
Calculate the greatest common divisor of 276 and 16698.
138
Calculate the greatest common factor of 8 and 8948.
4
Calculate the highest common divisor of 128 and 5696.
64
Calculate the highest common divisor of 1675 and 50.
25
Calculate the highest common factor of 1457 and 4.
1
Calculate the greatest common divisor of 2034 and 36.
18
Calculate the greatest common divisor of 13 and 2561.
13
What is the greatest common factor of 156 and 96?
12
Calculate the greatest common factor of 76 and 15732.
76
What is the highest common factor of 4448 and 139?
139
Calculate the greatest common divisor of 18 and 19566.
18
Calculate the greatest common divisor of 209 and 4125.
11
What is the highest common divisor of 26 and 2899?
13
What is the highest common factor of 57 and 171?
57
Calculate the highest common factor of 15 and 4491.
3
What is the greatest common factor of 8124 and 48?
12
Calculate the greatest common factor of 26 and 1664.
26
Calculate the greatest common factor of 618 and 2678.
206
What is the greatest common divisor of 105 and 42?
21
What is the greatest common factor of 36 and 6228?
36
Calculate the highest common divisor of 2286 and 54.
18
Calculate the greatest common factor of 136 and 2328.
8
What is the highest common divisor of 819 and 143?
13
What is the highest common factor of 8 and 20?
4
Calculate the greatest common divisor of 18 and 4356.
18
What is the highest common divisor of 1716 and 228?
12
Calculate the highest common factor of 90 and 85.
5
Calculate the highest common factor of 712 and 32.
8
Calculate the highest common factor of 42 and 1197.
21
What is the greatest common factor of 287 and 369?
41
What is the greatest common divisor of 1802 and 17?
17
Calculate the highest common divisor of 144 and 80.
16
Calculate the greatest common factor of 595 and 1360.
85
What is the greatest common factor of 2595 and 120?
15
Calculate the highest common factor of 335 and 5.
5
Calculate the greatest common factor of 6420 and 75.
15
What is the greatest common factor of 44 and 286?
22
What is the greatest common divisor of 817 and 38?
19
What is the highest common factor of 75 and 285?
15
What is the greatest common divisor of 294 and 6048?
42
Calculate the highest common divisor of 288 and 153.
9
Calculate the highest common factor of 150 and 525.
75
What is the highest common factor of 2854 and 8?
2
What is the greatest common factor of 39 and 13?
13
Calculate the greatest common factor of 44 and 7491.
11
Calculate the highest common divisor of 45 and 1860.
15
What is the highest common divisor of 51 and 9?
3
What is the greatest common factor of 122 and 4392?
122
Calculate the highest common divisor of 58 and 377.
29
What is the greatest common divisor of 255 and 4165?
85
What is the highest common factor of 558 and 3627?
279
What is the highest common divisor of 266 and 14?
14
What is the greatest common factor of 140 and 35?
35
What is the highest common divisor of 29 and 928?
29
What is the highest common factor of 165 and 121?
11
What is the highest common divisor of 114 and 2679?
57
What is the highest common factor of 1230 and 5?
5
Calculate the greatest common factor of 37 and 6253.
37
Calculate the highest common factor of 40 and 70.
10
What is the greatest common factor of 123 and 21?
3
What is the greatest common factor of 72 and 27?
9
What is the greatest common divisor of 594 and 216?
54
Calculate the greatest common divisor of 37884 and 44.
44
Calculate the highest common divisor of 141690 and 15.
15
What is the highest common factor of 3144 and 312?
24
What is the highest common divisor of 76 and 1748?
76
Calculate the greatest common divisor of 9 and 153.
9
What is the greatest common factor of 148 and 20?
4
What is the greatest common factor of 8 and 72?
8
What is the greatest common divisor of 10185 and 105?
105
Calculate the highest common factor of 5 and 70.
5
Calculate the greatest common divisor of 1661 and 187.
11
Calculate the greatest common factor of 12929 and 7.
7
Calculate the highest common divisor of 232 and 116.
116
What is the highest common divisor of 103 and 7313?
103
Calculate the greatest common factor of 14 and 91.
7
What is the highest common divisor of 1 and 2213?
1
Calculate the greatest common divisor of 13231 and 131.
131
What is the greatest common divisor of 5 and 1020?
5
Calculate the greatest common divisor of 116 and 8.
4
What is the highest common divisor of 48 and 1968?
48
What is the greatest common divisor of 6190 and 20?
10
What is the highest common factor of 16 and 2232?
8
Calculate the highest common factor of 425 and 5.
5
Calculate the greatest common factor of 5 and 6150.
5
What is the greatest common divisor of 130 and 559?
13
Calculate the highest common factor of 35 and 17920.
35
What is the highest common factor of 40 and 11300?
20
What is the greatest common factor of 300 and 1000?
100
Calculate the highest common factor of 252 and 144.
36
Calculate the greatest common divisor of 21582 and 18.
18
What is the greatest common factor of 154 and 98?
14
Calculate the greatest common factor of 105 and 840.
105
Calculate the highest common divisor of 22 and 50.
2
Calculate the greatest common factor of 1160 and 120.
40
Calculate the highest common divisor of 671 and 55.
11
What is the highest common divisor of 392 and 9464?
56
Calculate the highest common factor of 33 and 2981.
11
What is the greatest common divisor of 5962 and 44?
22
What is the greatest common divisor of 185 and 37?
37
Calculate the greatest common divisor of 6174 and 12.
6
Calculate the greatest common divisor of 345 and 207.
69
What is the highest common divisor of 815 and 25?
5
Calculate the highest common divisor of 41 and 287.
41
What is the highest common factor of 10 and 64?
2
Calculate the highest common factor of 304 and 112.
16
What is the highest common divisor of 7 and 23?
1
Calculate the greatest common factor of 340 and 6